?
2
Suppose -5*d - 3*n + 31 = -20, 5*d - n - 43 = 0. Suppose z + 3*r - 237 = 7*r, 3*z - 660 = -5*r. Suppose -d*v + z = -6*v. What is the units digit of v?
5
Suppose 3*i - 15*k + 14*k + 19 = 0, 4*i - 3*k + 32 = 0. Let c(g) = 4*g + 1 - 3*g**3 + 2*g**3 + 2*g**2 + 5*g - 3. What is the tens digit of c(i)?
2
Let w = -991 - -1394. Suppose -i + v = -w, -4*v = 2*i - 2*v - 798. What is the tens digit of i?
0
Let q = 18 - -20. Suppose -14 = 2*u + 3*p, 0 = -5*u + p - q - 14. What is the tens digit of u + 11 + 1 + 62?
6
Suppose 0 = -3*j + 34 - 19. Suppose 4*h = -2*k - h - 139, -3*k - 196 = j*h. Let o = 187 + k. What is the tens digit of o?
3
Let o(b) = -26*b + 4934. What is the thousands digit of o(0)?
4
Let a = 257 + -253. Suppose 10*z = a*z + 3798. What is the tens digit of z?
3
Let j(x) = 2*x**3 - 14*x**2 - 2*x - 3. Let m = -98 - -127. Let o = m - 21. What is the tens digit of j(o)?
0
Let d = 885 + -874. Let i(y) = y**3 + y**2 - 11*y**2 - 2*y + 14 - y. What is the units digit of i(d)?
2
What is the tens digit of 5573 + (-3 - 40/(-14) - (-1)/7)?
7
Let f(a) = -2*a**2 - a + 28. Let t be f(-6). What is the units digit of (19/t)/(2/(-1048))?
2
Suppose -2*a + 3*l + 12760 = 0, -40*a + 35*a + 31950 = 5*l. What is the tens digit of a?
8
Let i = -34 - -11. Let x = -21 - i. Suppose -b - 81 = -x*b. What is the units digit of b?
1
Suppose -2*o + 1542 = o - 5*h, 0 = 3*o - h - 1542. Suppose 22*f - 24*f = o. Let x = -145 - f. What is the hundreds digit of x?
1
Suppose -5*w + d = -254, d - 15 = -19. Suppose w*p + 462 = 52*p. What is the units digit of p?
1
Let x(h) = -h**2 - 30*h - 18. Let r be x(-12). Let s be (-134)/(-3)*(6 - 9). Let o = s + r. What is the tens digit of o?
6
What is the thousands digit of ((-8 + 9)*-1 - (-4922 - 2)) + 5?
4
Let c = -9888 - -18450. What is the tens digit of c?
6
Suppose o = -10*z + 198245, -3*z = z + 3*o - 79285. What is the tens digit of z?
2
Let y = 24 + -20. Suppose -3*h = y*t - 13, t - 2*t + 32 = -5*h. What is the tens digit of t/(-3)*6*-3?
4
Let n(b) = 2*b**3 + 26*b**2 - 6*b - 6. Let l be n(-13). Let x(d) = d + 1. Let u be x(1). Suppose -u*g + l = -44. What is the units digit of g?
8
Suppose -1172826 = -72*f - 39*f. What is the hundreds digit of f?
5
Let f(l) = 52*l - 776. Let a be f(0). Let g = 1652 + a. What is the units digit of g?
6
Let t be ((-2340)/(-42))/13 + 2/(-7). Suppose 2*j - 484 = -w, -5*w + 2766 = t*j + 376. What is the tens digit of w?
7
Suppose -5*q + 130 + 130 = 0. Let k(f) = f - 30. Let j be k(-13). Let r = j + q. What is the units digit of r?
9
Let n = 74044 - 52729. What is the tens digit of n?
1
Let s be (-16)/24*(-1 - (-518)/(-4)). Suppose -u = -311 - s. What is the hundreds digit of u?
3
Let m be (64/12)/((-2)/(-3)). What is the hundreds digit of (m/12)/((-4)/(-1614))?
2
Let l(j) = 7*j**2 + 16*j + 24. Let p(m) = 8*m**2 + 17*m + 24. Let b(d) = 3*l(d) - 2*p(d). What is the tens digit of b(-10)?
8
Let q be (-3 + 141/(-5))*5. Let x = 231 + q. Suppose x + 133 = 2*u. What is the hundreds digit of u?
1
Let n = 15476 + -576. What is the thousands digit of n?
4
What is the hundreds digit of ((-107564)/(-50))/(8/12) - 4/(-50)?
2
Suppose 3*z = -5*s + 51126, 0 = 2*z + 29*s - 39*s - 34164. What is the units digit of z?
2
Suppose 2*p + 791 = -5*k + 93, -k = -p + 141. Let f(g) = -21*g - 593. Let d be f(-28). What is the tens digit of 467/7 + d*8/k?
6
Let g be (-267)/4*(4 + 0). Let y(d) = -3*d**2 - 70*d - 207. Let l be y(-26). Let x = g - l. What is the tens digit of x?
4
What is the thousands digit of 984650/(-940)*(-116)/10?
2
Let s(u) = 2*u**2 + 23*u + 11. Let x be s(-11). Suppose -5*j - 9*j + 294 = x. Let q = 45 - j. What is the units digit of q?
4
Let h = 99 - 90. What is the hundreds digit of 4/(8/h)*50?
2
Let h = -11675 + 18823. What is the tens digit of h?
4
Let a(w) = w**3 - 10*w**2 + 14*w + 44. Let s be a(7). Let c be 3*(4/1 - 1). What is the tens digit of s - -228 - (c/(-3) - -2)?
2
Let j be (0/1)/2 + 2. Suppose 1739*t - 1733*t = 546. Suppose 191 = 5*u - 3*w, -j*w - 5 = 2*u - t. What is the tens digit of u?
4
Let k(g) = -g**2 + 13*g - 6. Let p be k(15). Let i be 0*(5/(-6) - (-6)/p). Let n(r) = -3*r + 88. What is the units digit of n(i)?
8
What is the hundreds digit of (-4 - 2) + 156840/(-50)*-5?
6
Let o = -752 + 320. What is the units digit of 2 + 0 - (o - (-12)/3)?
0
Let c = 99059 - 58973. What is the hundreds digit of c?
0
Suppose -52*k + 47*k = 5*h - 29605, 2*k = 2*h + 11834. What is the hundreds digit of k?
9
Let l(k) = -680*k + 636. What is the hundreds digit of l(-4)?
3
Let j = 273 - 269. What is the units digit of 71784/180 - (j/(-10))/2?
9
Let j(l) = l**3 - 16*l**2 + 17*l - 26. Let i be j(15). Suppose 0*h = -s - 3*h + 341, -5*h = -i*s + 1364. What is the units digit of s?
1
Let a(r) = 6*r + 137. Suppose 0 = 24*w - 25*w + 45. What is the tens digit of a(w)?
0
Let k be ((-110)/385)/((-1)/7). Suppose -4*u = 5*f - 6695, k*u - 2567 - 783 = -2*f. What is the thousands digit of u?
1
Let v = -97340 - -153719. What is the tens digit of v?
7
Let l be 8/12 - (-12)/9. Suppose 3*u + 3*r = 18, r - l*r = -2*u + 9. Suppose -6 = 2*q, -u*q - 60 = -3*k - 0*k. What is the tens digit of k?
1
Let c(w) = w**2 - 8*w + 16. Let i be c(5). Let u = -1 + i. What is the units digit of u - -3 - (-108 + 2 + 0)?
9
Let h(u) = u**3 + 44*u**2 - 9*u - 821. What is the ten thousands digit of h(-32)?
1
Suppose 0 = 3*a - 64 - 515. Suppose 194*i - a*i = 221. What is the hundreds digit of i?
2
Let w(v) = -25*v + 103*v - 62 + 74*v + 270 + 44. What is the tens digit of w(7)?
1
Let j(v) = 3*v**2 + 18*v + 4. Let i be j(-8). Let y = 8 + i. Let f = 75 + y. What is the tens digit of f?
3
Suppose i - 3*i = -4. Let g = i - -2. What is the units digit of 1 - (1099/(-14) + 2/g)?
9
Suppose s + m = 690, -4*s - 1380 = -6*s - 4*m. Let g = -444 + s. Suppose -3*c + g = 57. What is the tens digit of c?
6
Let u(y) = -141 + 39 + 24*y**2 + y**3 + 73 + 23*y. What is the units digit of u(-22)?
3
Suppose -10*v + 6*v = -576. Suppose -j - 3*j + 4*m = -v, 5*j + 3*m - 140 = 0. Suppose -j*f - 64 = -33*f. What is the tens digit of f?
3
Let n(k) = 249*k**2 + 3 - 4*k - 207*k**2 - 4*k. What is the units digit of n(4)?
3
What is the thousands digit of (-1 - 7 - -10 - 0)*2760/3?
1
Let n = 2610 + -1287. Let p = 2039 - n. What is the units digit of p?
6
Let r be (-2 - -3)/((-1)/7). Let y(l) = -6*l**3 - 9*l**2 - 4*l - 61. What is the hundreds digit of y(r)?
5
What is the tens digit of 3862 - (0 + 1 + (2 - 4))?
6
Let z = 1024 + 1205. What is the tens digit of z?
2
Suppose 0 = 103*s - 357760 - 291346. What is the thousands digit of s?
6
Let l = -106 - -340. Suppose 0 = -4*i + l + 1486. What is the tens digit of i?
3
Let l(f) = f - 2. Suppose -3*t = -2*t + 19. Let s be l(t). What is the tens digit of 7/(s/(-9)) + 23?
2
What is the hundreds digit of 6/(-4) + (-52)/((-2080)/2306220)?
6
Suppose -5*d - 92 = -2*h, 3*h - 8*d = -3*d + 128. Suppose h*p = 32*p - 32. What is the units digit of 4/(-2)*500/p?
5
Let v(s) be the third derivative of s**6/60 - s**5/12 + s**4/24 + s**3/3 - 46*s**2. What is the units digit of v(3)?
4
What is the thousands digit of (-189054)/(-5) - 5474/1955?
7
Suppose -x - s + 0*s = 0, 4*x - 3*s = 0. Suppose x = -3*l + 3*w + 66, 4*l + 2*w + w = 109. Suppose 0 = -23*o + l*o - 46. What is the units digit of o?
3
Let d(j) = j**3 - 8*j**2 - 32*j - 14. Let o be d(11). What is the units digit of o + 21/(-35)*-15?
6
Let q(p) = 2237*p + 72650. What is the tens digit of q(0)?
5
Suppose 49*w = 50*w - 4*z - 4675, -18718 = -4*w - 2*z. What is the thousands digit of w?
4
Let d = -252 - -284. Suppose -d*r + 18*r + 2380 = 0. What is the tens digit of r?
7
Let a(o) = o**3 + 3*o**2 - 11*o - 3. Let q be a(-3). What is the hundreds digit of (-40)/q - 649/(-3)?
2
Let i(x) = -43*x**2 + 7*x - 36. Let g be i(4). Let w = 1537 + g. What is the units digit of w?
1
Let f = -2571 + 2764. What is the units digit of f?
3
Let o = -129 - -120. Let a(j) = -j**3 - 6*j**2 - 6*j + 5. What is the hundreds digit of a(o)?
3
Suppose 120*q - 210396 - 590928 = 84*q. What is the ten thousands digit of q?
2
Let q(f) = -f**3 + 22*f**2 + 88*f + 33. Let g = -210 + 235. What is the units digit of q(g)?
8
Suppose 0 = -13*i + 12*i. Suppose 5*a + s - 1818 = i, -4*a = -4*s - 452 - 988. What is the units digit of a?
3
